{"id":26,"date":"2014-04-04T00:48:45","date_gmt":"2014-04-03T22:48:45","guid":{"rendered":"http:\/\/artemis-bonn.de\/artemis_webseite\/?page_id=26"},"modified":"2024-09-29T15:01:08","modified_gmt":"2024-09-29T13:01:08","slug":"sportprogramm","status":"publish","type":"page","link":"https:\/\/artemis-bonn.de\/artemis_webseite\/?page_id=26","title":{"rendered":"Sportprogramm"},"content":{"rendered":"<p>Der Artemis e.V. bietet ein vielf\u00e4ltiges Sportprogramm und umfangreiche Trainingsm\u00f6glichkeiten. F\u00fcr angehende Bogensch\u00fctzen werden<a title=\"Schnupperkurse\" href=\"http:\/\/artemis-bonn.de\/artemis_webseite\/?page_id=109\"> Schnupperkurse<\/a> angeboten und ein Anf\u00e4ngertraining bietet die M\u00f6glichkeit die eignen F\u00e4higkeiten unter professioneller Anleitung weiter auszubauen. Fortgeschrittene Sch\u00fctzen k\u00f6nnen am\u00a0 Schie\u00dfstiltraining teilnehmen.<br \/>\nUnser <a title=\"Au\u00dfengel\u00e4nde im Sportpark Nord\" href=\"http:\/\/artemis-bonn.de\/artemis_webseite\/?p=146\">Au\u00dfengel\u00e4nde im Sportpark Nord<\/a> steht ganzj\u00e4hrig zur Verf\u00fcgung. Im Winter k\u00f6nnen unsere Sch\u00fctzen auf die <a href=\"https:\/\/artemis-bonn.de\/artemis_webseite\/?cat=12\">Josef-Strunck-Halle in Bonn-Endenich<\/a> ausweichen. Bei weiteren Fragen und um das Thema Training schreiben Sie uns gerne eine E-Mail an <a href=\"mailto:verein@artemis-bonn.de\">verein@artemis-bonn.de<\/a>.<\/p>\n","protected":false},"excerpt":{"rendered":"<p>Der Artemis e.V. bietet ein vielf\u00e4ltiges Sportprogramm und umfangreiche Trainingsm\u00f6glichkeiten. F\u00fcr angehende Bogensch\u00fctzen werden Schnupperkurse angeboten und ein Anf\u00e4ngertraining bietet die M\u00f6glichkeit die eignen F\u00e4higkeiten unter professioneller Anleitung weiter auszubauen. Fortgeschrittene Sch\u00fctzen k\u00f6nnen am\u00a0 Schie\u00dfstiltraining teilnehmen. Unser Au\u00dfengel\u00e4nde im Sportpark Nord steht ganzj\u00e4hrig zur Verf\u00fcgung. Im Winter k\u00f6nnen unsere Sch\u00fctzen<\/p>\n","protected":false},"author":1,"featured_media":0,"parent":0,"menu_order":0,"comment_status":"closed","ping_status":"closed","template":"","meta":{"footnotes":""},"class_list":["post-26","page","type-page","status-publish","hentry"],"_links":{"self":[{"href":"https:\/\/artemis-bonn.de\/artemis_webseite\/index.php?rest_route=\/wp\/v2\/pages\/26","targetHints":{"allow":["GET"]}}],"collection":[{"href":"https:\/\/artemis-bonn.de\/artemis_webseite\/index.php?rest_route=\/wp\/v2\/pages"}],"about":[{"href":"https:\/\/artemis-bonn.de\/artemis_webseite\/index.php?rest_route=\/wp\/v2\/types\/page"}],"author":[{"embeddable":true,"href":"https:\/\/artemis-bonn.de\/artemis_webseite\/index.php?rest_route=\/wp\/v2\/users\/1"}],"replies":[{"embeddable":true,"href":"https:\/\/artemis-bonn.de\/artemis_webseite\/index.php?rest_route=%2Fwp%2Fv2%2Fcomments&post=26"}],"version-history":[{"count":8,"href":"https:\/\/artemis-bonn.de\/artemis_webseite\/index.php?rest_route=\/wp\/v2\/pages\/26\/revisions"}],"predecessor-version":[{"id":13627,"href":"https:\/\/artemis-bonn.de\/artemis_webseite\/index.php?rest_route=\/wp\/v2\/pages\/26\/revisions\/13627"}],"wp:attachment":[{"href":"https:\/\/artemis-bonn.de\/artemis_webseite\/index.php?rest_route=%2Fwp%2Fv2%2Fmedia&parent=26"}],"curies":[{"name":"wp","href":"https:\/\/api.w.org\/{rel}","templated":true}]}}